) + -2 + -4. List the prime factors of ((-424)/c)/(12/(-30)).
2, 53
Suppose 2*c = -2*b + 72, -b - 123 = -3*c + b. Suppose c + 231 = 3*j. What are the prime factors of j?
2, 3, 5
Suppose -i + 143 + 133 = 0. List the prime factors of i.
2, 3, 23
Let g = 838 - 189. What are the prime factors of g?
11, 59
Suppose -1630 = -s - 2*h, 0 = 3*s + 5*h - 1712 - 3176. Suppose 0 = 5*z - 11*z + s. List the prime factors of z.
271
Suppose -5*m + 1465 = 3*w - m, 5*w + 4*m = 2447. What are the prime factors of w?
491
Let m(x) = -24*x**2 - x - 2. Let f be m(2). What are the prime factors of (f/(-40))/(2/132)?
3, 5, 11
Suppose -z + d = -656, -4*d - 1451 = -2*z - 139. List the prime factors of z.
2, 41
Let b(g) = 14*g**2 - 159. List the prime factors of b(-12).
3, 619
Let p(w) = 3*w + 8. Let i be p(-4). Let q(v) = v**2 + 4*v + 2. Let b be q(i). Suppose -b*m + 32 = -2. List the prime factors of m.
17
Let r be -3 + 0 + (0 + 3 - -282). Suppose -4*k + r + 90 = -3*g, -3*k + 3*g + 276 = 0. What are the prime factors of k?
2, 3
Let n(b) = 2*b + 10. Let a be n(-4). List the prime factors of (138/4 - -1)*a.
71
What are the prime factors of 1 - (-741 - (-100)/10)?
2, 3, 61
Suppose 3*c - 2*v + 1 - 121 = 0, -3*c - 4*v = -138. Let s = -34 + c. What are the prime factors of s?
2
Let x(d) = -d**2 - 8*d - 8. Let o be x(-6). Suppose o*u + 177 = 481. Suppose 0 = -3*j + 5*w + u, 4*j + 0*w - 48 = -4*w. List the prime factors of j.
17
Let x(j) = -j**3 + 18*j**2 - 13*j - 14. Let r be x(17). Let z = r + -37. What are the prime factors of z?
17
Suppose -45 = 5*k - 65. Suppose 8*x = 3*x - 4*h + 952, -2*h + 758 = k*x. List the prime factors of x.
2, 47
Suppose -20*u + 487740 = 90*u. What are the prime factors of u?
2, 3, 739
Suppose -3*s = -14 + 2. Suppose -n - 354 = -5*h, 2*n = -2*n + s. Let z = h - 43. List the prime factors of z.
2, 7
Let i = 283 + -146. What are the prime factors of i?
137
Let n(h) = -31*h**3 + h**2 - 2*h - 3. Let d be n(-2). Let y = 415 - d. Suppose -2*z = w - 6*w + 204, -y = -4*w + 2*z. List the prime factors of w.
2, 3, 7
Suppose -4*c - 4*i + 1681 = 41, 5*c - 2*i = 2057. List the prime factors of c.
3, 137
Suppose -2*w - 6 = -3*w. List the prime factors of ((-30)/(-9))/(-5)*(-612)/w.
2, 17
Suppose -179 = 5*j - 794. What are the prime factors of j?
3, 41
Let p = 40 + -40. What are the prime factors of (-52 + p/(-1))*(-15)/12?
5, 13
Suppose -11*q + 4846 = 1689. Suppose 4*m - 393 - 1039 = -5*x, x + m = q. List the prime factors of x.
2, 71
Suppose 3*r - 3420 - 12103 = -2*x, 5*x - 20709 = -4*r. What are the prime factors of r?
5171
Suppose 3*u - 513 = -3*s, -1 = -5*s - 6. List the prime factors of u.
2, 43
Let l = -6008 - -8550. What are the prime factors of l?
2, 31, 41
Suppose 0 = 5*f - d - 13, d = 4*f - d - 14. Let h(l) = l - 6. Let v be h(6). Suppose -f*o + o + 40 = v. What are the prime factors of o?
2, 5
Let k be (3/15)/(-1) + 6032/10. Suppose -v - v - 10 = 0, -k = -3*a + 3*v. What are the prime factors of a?
2, 7
Let r = 1907 - 1258. What are the prime factors of r?
11, 59
Suppose -m - 13 = -3*c, 2*m = -2*c + 4*c - 10. Let o(t) = 3*t - 2. Let q be o(c). Suppose -4*g = -2*f + q, -5*g = -4*f + 49 - 14. List the prime factors of f.
3, 5
Suppose 49 - 179 = 5*d. Let a = -23 - d. Suppose a*k - 3*q = 66, 0*q - 40 = -2*k + 4*q. What are the prime factors of k?
2, 3
Let d(y) be the second derivative of 2*y**3/3 - 3*y**2/2 + y. Suppose -5*i + w = -19, 0*i = i + 2*w - 6. What are the prime factors of d(i)?
13
Suppose -4*c - 35 + 11 = 0. Let o be (-10)/15 - 196/c. Suppose 2*m - o = 32. What are the prime factors of m?
2
Let j(p) = -27*p - 12. Let f be j(-14). Let u = 569 - f. Suppose 5*c - u = -43. What are the prime factors of c?
2
Suppose -4*l + 3*x - 30 = 0, 3*x = 5*l - 6*l - 15. What are the prime factors of (-6)/l*57 - -1?
3, 13
Let g = 172 - -55. List the prime factors of g.
227
Suppose -2*n - 2*n = 24. Let l = 7 + n. List the prime factors of (-1)/l + (2 - -9).
2, 5
Let f(l) = 97*l**2 + 4*l + 3. Let t = 8 + -9. List the prime factors of f(t).
2, 3
Suppose 34*s - 23*s - 5225 = 0. List the prime factors of s.
5, 19
Let f be 6/12 + 22/4. Suppose f = 3*r + 5*b - 15, 9 = 3*r + b. Suppose 3*d - 70 = r*d. What are the prime factors of d?
2, 5, 7
Let g be -2 + -1*(-3)/(-1). What are the prime factors of 508/5 - -4 - 2/g?
2, 53
Suppose 2*p = 3*q - 1544, 3*p = 6*q - 3*q - 1548. List the prime factors of q.
2
Suppose -2*l = -l + 2. Let q(y) = y**3 + 2*y**2 - y. Let o be q(l). Suppose -o*a - 3*f + f = -36, 69 = 4*a + 5*f. List the prime factors of a.
3, 7
Let q(o) be the second derivative of o**5/20 + o**4 + o**3 - 13*o**2/2 + 32*o. List the prime factors of q(-11).
2, 3, 7
Suppose 2*u = 2*k + 358, -4*u + 3*k = -6*u + 363. What are the prime factors of u?
2, 3, 5
Suppose -13*k + 0*k + 52 = 0. Suppose 0*h = -4*x - h + 712, -h = k. List the prime factors of x.
179
Let i be ((-2)/(6/(-285)) - -3) + 2. Let p = i + -42. List the prime factors of p.
2, 29
Suppose -2*d = -15 + 7, -2*y + 2*d - 82 = 0. Let s = -32 - y. What are the prime factors of s?
5
Suppose 0 = 2*f - t - 3*t - 30, 15 = -5*t. What are the prime factors of f?
3
Suppose 5*c = 7*c + 2*o - 1782, -893 = -c + o. List the prime factors of c.
2, 223
Suppose 2*z - 5*z = 0, 3*x = -z + 702. List the prime factors of x.
2, 3, 13
Let l(c) = -c**2 - 7*c + 4. Let x = 31 - 27. Suppose -17 = 3*r - i - x*i, r + 5*i = 1. List the prime factors of l(r).
2
Suppose -207 = -3*h + 3*n, 3*n - 27 = -3*h + 180. Suppose 6*x - 15 = h. Suppose -2*y + 50 = 4*g, x = 3*y - 5*g - 6. What are the prime factors of y?
3, 5
Let r = -1 + 6. Suppose r*z = 57 + 33. List the prime factors of 5/30 + 627/z.
5, 7
Suppose 76*g - 85*g = -7605. List the prime factors of g.
5, 13
Suppose -2940 = -551*h + 548*h. What are the prime factors of h?
2, 5, 7
Suppose -17*j - 222 = 254. What are the prime factors of 1530/21 - 4/j?
73
Let s = 999 - 220. What are the prime factors of s?
19, 41
Let g = 43 - 40. What are the prime factors of g + (-85)/35 + (-496)/(-14)?
2, 3
Let z(x) = -x. Let j(m) = 17*m. Let v(k) = j(k) + 5*z(k). List the prime factors of v(1).
2, 3
Let b(x) = -x + 27. Let g be 112/10 + (-3)/15. Suppose 0 = -y - 5*i - g, 0*y = -4*y + 3*i - 67. List the prime factors of b(y).
43
Suppose -2*o - 2*d + 8 + 0 = 0, -2 = -d. Suppose -5*n + 2*i + 296 = 0, -2*n = 2*n + 2*i - 226. What are the prime factors of (n/o - 0)*2?
2, 29
Let j = 968 + 782. Suppose -20*x + 13*x + j = 0. What are the prime factors of x?
2, 5
Let f = 240 + -112. Let c = f + -74. List the prime factors of c.
2, 3
Let z = -944 + 2475. What are the prime factors of z?
1531
Suppose 0 = -11*u + 135 + 10007. What are the prime factors of u?
2, 461
Let j = 6066 - 2413. List the prime factors of j.
13, 281
Let d(c) = -21*c + 5 + 16 + 3 - c**2. What are the prime factors of d(-14)?
2, 61
Suppose 26*q - 3366 = 8*q. What are the prime factors of q?
11, 17
Suppose -15427 = -21*l - 2974. What are the prime factors of l?
593
Let b = 2660 + -683. List the prime factors of b.
3, 659
Suppose -3*f = -4*f - 13. Let b(m) = -m**3 - 12*m**2 + 10*m - 11. List the prime factors of b(f).
2, 7
Let n = -84 - -75. Let w = 20 + n. List the prime factors of w.
11
Let b(t) = -t**2 + 9*t. Let o be b(9). What are the prime factors of 10 - (o - (0 + -4))?
2, 3
Suppose 5*t - 4*o - 62 = 0, -4*t + 40 = -t - o. Suppose t*u - 3*u = 1683. List the prime factors of u.
3, 17
List the prime factors of 9/((-18)/(-10342)) + 2/2.
2, 3, 431
Let f(o) = -o**2 - 24*o + 26. Suppose -23 = -5*b - 123. What are the prime factors of f(b)?
2, 53
Suppose -2*j = -j - 8. Let n = j - 1. Suppose 4*r - n = 1. List the prime factors of r.
2
Let g = 8 - 5. Suppose 0 = 2*k, 3 = -g*i + 3*k - 7*k. List the prime factors of 5/i*324/(-60).
3
Suppose -4*w = w - 25, -12 = o - 3*w. Let c(q) = 40*q + 1. List the prime factors of c(o).
11
Suppose -5 - 3 = -4*o. Suppose -o*d + 36 = -166. What are the prime factors of d?
101
Suppose 8*r = 1179 - 59. List the prime factors of r.
2, 5, 7
Suppose 12*o + 436 = 13*o - 5*v, -912 = -2*o + 2*v. List the prime factors of o.
461
Let s be (-9)/(-2)*(-56)/(-84). Suppose -538 = -2*i + 3*u, -s*i + 800 = 2*u - 3*u. What are the prime factors of i?
2, 7, 19
Suppose 0 = 27*g - 23*g - 2*s - 2278, 3*g = -s + 1721. What are the prime fact